{"id":185,"date":"2020-07-03T16:09:03","date_gmt":"2020-07-03T22:09:03","guid":{"rendered":"https:\/\/solucionestrabajandojuntos.com\/?post_type=product&#038;p=185"},"modified":"2025-05-20T20:20:26","modified_gmt":"2025-05-21T02:20:26","slug":"minimolador-angular-bosch","status":"publish","type":"product","link":"https:\/\/stock-mexico.com\/index.php\/producto\/minimolador-angular-bosch\/","title":{"rendered":"MINIMOLADOR ANGULAR BOSCH GWS 850"},"content":{"rendered":"<p>VENTAJAS<\/p>\n<p>\u00b0Calidad de Bosch a un bajo precio, la primera y la mejor opci\u00f3n para profesionales aut\u00f3nomos orientados al precio.<\/p>\n<p>\u00b0Potencia adecuada para peque\u00f1as aplicaciones profesionales y mayor control.<\/p>\n<p>\u00b0Manejo pr\u00e1ctico debido al dise\u00f1o ergon\u00f3mico del cuerpo de la herramienta.<\/p>\n<p>&nbsp;<\/p>\n<p>DATOS T\u00c9CNICOS<\/p>\n<p>\u00b0Voltaje: 127 V<\/p>\n<p>\u00b0Velocidad de giro: 12,000 rpm<\/p>\n<p>\u00b0Potencia absorbida: 850 W<\/p>\n<p>\u00b0Di\u00e1metro de disco: 115mm<\/p>\n<p>\u00b0Rosca del husillo portamuela: M 14<\/p>\n<p>\u00b0Peso: 2kg<\/p>\n<p>\u00b0Interruptor: 2 v\u00edas<\/p>\n","protected":false},"excerpt":{"rendered":"<p>La amoladora angular con alto rendimiento de Bosch que se ajusta a su presupuesto.<\/p>\n","protected":false},"featured_media":186,"comment_status":"open","ping_status":"closed","template":"","meta":[],"_links":{"self":[{"href":"https:\/\/stock-mexico.com\/index.php\/wp-json\/wp\/v2\/product\/185"}],"collection":[{"href":"https:\/\/stock-mexico.com\/index.php\/wp-json\/wp\/v2\/product"}],"about":[{"href":"https:\/\/stock-mexico.com\/index.php\/wp-json\/wp\/v2\/types\/product"}],"replies":[{"embeddable":true,"href":"https:\/\/stock-mexico.com\/index.php\/wp-json\/wp\/v2\/comments?post=185"}],"version-history":[{"count":4,"href":"https:\/\/stock-mexico.com\/index.php\/wp-json\/wp\/v2\/product\/185\/revisions"}],"predecessor-version":[{"id":270,"href":"https:\/\/stock-mexico.com\/index.php\/wp-json\/wp\/v2\/product\/185\/revisions\/270"}],"wp:featuredmedia":[{"embeddable":true,"href":"https:\/\/stock-mexico.com\/index.php\/wp-json\/wp\/v2\/media\/186"}],"wp:attachment":[{"href":"https:\/\/stock-mexico.com\/index.php\/wp-json\/wp\/v2\/media?parent=185"}],"curies":[{"name":"wp","href":"https:\/\/api.w.org\/{rel}","templated":true}]}}